e 9?
0
Convert 22 (base 12) to base 8.
32
Convert 44 (base 6) to base 12.
24
What is -217 (base 9) in base 7?
-343
1 (base 10) to base 4
1
Convert 0 (base 3) to base 15.
0
-2 (base 10) to base 2
-10
What is -7 (base 12) in base 4?
-13
Convert -3 (base 4) to base 5.
-3
Convert 10 (base 6) to base 9.
6
Convert 8 (base 9) to base 10.
8
Convert 6 (base 13) to base 12.
6
8 (base 15) to base 4
20
553 (base 6) to base 14
113
27 (base 10) to base 16
1b
Convert 8 (base 13) to base 7.
11
What is 5 (base 8) in base 12?
5
Convert -36 (base 8) to base 13.
-24
Convert -144 (base 5) to base 9.
-54
-51 (base 8) to base 16
-29
What is -1010110 (base 2) in base 3?
-10012
3 (base 11) to base 14
3
Convert 263 (base 7) to base 13.
b0
What is 1000 (base 4) in base 13?
4c
What is -2 (base 4) in base 3?
-2
What is -3 (base 10) in base 2?
-11
What is 24 (base 12) in base 10?
28
1 (base 12) to base 6
1
What is -2 (base 5) in base 3?
-2
Convert -11 (base 6) to base 3.
-21
-111001 (base 2) to base 4
-321
Convert 1003 (base 5) to base 13.
9b
-2 (base 12) to base 14
-2
-1 (base 7) to base 12
-1
Convert 14 (base 16) to base 5.
40
What is 93 (base 12) in base 5?
421
What is 3 (base 7) in base 16?
3
-10101 (base 2) to base 14
-17
What is -3a (base 12) in base 5?
-141
What is 1b (base 14) in base 8?
31
Convert 7 (base 15) to base 11.
7
What is -10 (base 3) in base 4?
-3
Convert -34 (base 12) to base 5.
-130
Convert 4 (base 11) to base 2.
100
What is -202 (base 4) in base 16?
-22
5 (base 12) to base 15
5
Convert -1001 (base 2) to base 11.
-9
Convert -100 (base 2) to base 6.
-4
101110 (base 2) to base 11
42
What is 111 (base 5) in base 7?
43
Convert 6 (base 14) to base 12.
6
What is -110 (base 6) in base 12?
-36
Convert -3 (base 15) to base 3.
-10
What is 0 (base 15) in base 6?
0
What is -109 (base 10) in base 2?
-1101101
-1d (base 16) to base 12
-25
-153 (base 7) to base 14
-63
Convert -2 (base 9) to base 10.
-2
What is 100 (base 2) in base 14?
4
What is 5c (base 13) in base 6?
205
Convert 1 (base 16) to base 9.
1
-25 (base 14) to base 3
-1020
What is 9 (base 11) in base 13?
9
Convert 40 (base 15) to base 10.
60
-2b5 (base 12) to base 3
-120202
What is 22 (base 7) in base 9?
17
-5 (base 14) to base 11
-5
Convert 22 (base 14) to base 11.
28
Convert 31 (base 4) to base 10.
13
-59 (base 12) to base 16
-45
-136 (base 10) to base 12
-b4
What is -300 (base 7) in base 8?
-223
Convert 3 (base 6) to base 2.
11
-111000 (base 2) to base 3
-2002
11 (base 4) to base 2
101
Convert 2 (base 14) to base 8.
2
What is -3 (base 10) in base 8?
-3
What is -1 (base 5) in base 11?
-1
What is -20 (base 4) in base 5?
-13
-13 (base 10) to base 12
-11
What is -141 (base 11) in base 2?
-10100110
Convert 2 (base 5) to base 6.
2
37 (base 14) to base 9
54
-347 (base 9) to base 16
-11e
Convert -20 (base 8) to base 5.
-31
Convert 210 (base 3) to base 5.
41
What is 10010 (base 2) in base 16?
12
What is 10 (base 2) in base 13?
2
104 (base 5) to base 13
23
-41 (base 8) to base 5
-113
What is -555 (base 6) in base 8?
-327
Convert -3 (base 12) to base 7.
-3
What is 3 (base 16) in base 7?
3
What is -221 (base 4) in base 3?
-1112
0 (base 9) to base 3
0
What is 33 (base 5) in base 8?
22
-2 (base 10) to base 13
-2
What is -1001 (base 2) in base 7?
-12
What is -7 (base 9) in base 13?
-7
-22 (base 13) to base 6
-44
Convert -5 (base 13) to base 15.
-5
What is -22 (base 4) in base 8?
-12
What is -a (base 15) in base 6?
-14
What is -262 (base 7) in base 14?
-a2
What is 12 (base 4) in base 2?
110
Convert -35 (base 10) to base 8.
-43
Convert -42 (base 6) to base 7.
-35
What is 0 (base 4) in base 3?
0
Convert 23 (base 4) to base 9.
12
Convert -3d (base 16) to base 3.
-2021
-3 (base 5) to base 11
-3
Convert -15 (base 6) to base 2.
-1011
What is 12 (base 3) in base 12?
5
Convert -20 (base 12) to base 7.
-33
-223 (base 4) to base 12
-37
What is -4 (base 15) in base 10?
-4
-11 (base 5) to base 12
-6
Convert 3 (base 10) to base 15.
3
What is 31 (base 8) in base 13?
1c
-3 (base 5) to base 4
-3
What is -2 (base 16) in base 11?
-2
-48 (base 16) to base 8
-110
What is 46 (base 9) in base 14?
30
What is -5 (base 11) in base 15?
-5
-20 (base 5) to base 7
-13
-101 (base 2) to base 16
-5
What is -3 (base 11) in base 3?
-10
What is 166 (base 8) in base 3?
11101
What is -2 (base 5) in base 8?
-2
Convert -122 (base 3) to base 7.
-23
What is 6 (base 10) in base 16?
6
-2 (base 9) to base 2
-10
What is -68 (base 16) in base 6?
-252
1 (base 12) to base 13
1
-94 (base 16) to base 6
-404
What is -32 (base 7) in base 9?
-25
10 (base 12) to base 6
20
What is 31 (base 5) in base 13?
13
57 (base 12) to base 5
232
What is -2 (base 11) in base 14?
-2
20 (base 13) to base 7
35
0 (base 16) to base 15
0
-11000111 (base 2) to base 14
-103
What is 0 (base 8) in base 13?
0
What is -184 (base 10) in base 11?
-158
Convert 22 (base 5) to base 7.
15
2 (base 11) to base 16
2
What is 15 (base 6) in base 5?
21
Convert 5 (base 8) to base 9.
5
What is 43 (base 16) in base 5?
232
Convert 5 (base 16) to base 11.
5
Convert -15 (base 11) to base 13.
-13
Convert 3 (base 16) to base 12.
3
-2 (base 10) to base 8
-2
What is 52 (base 7) in base 4?
211
-a (base 11) to base 16
-a
What is 11 (base 6) in base 12?
7
Convert 92 (base 14) to base 15.
88
Convert 3 (base 8) to base 16.
3
345 (base 9) to base 4
10130
Convert -11 (base 8) to base 3.
-100
What is 50 (base 6) in base 5?
110
-26 (base 9) to base 8
-30
Convert 2 (base 10) to base 11.
2
Convert -2 (base 16) to base 9.
-2
What is 5 (base 12) in base 6?
5
-7 (base 14) to base 16
-7
-1000110 (base 2) to base 15
-4a
Convert 1011 (base 2) to base 11.
10
Convert -43 (base 9) to base 3.
-1110
-225 (base 9) to base 4
-2321
What is -10 (base 12) in base 15?
-c
Convert b (base 16) to base 5.
21
What is 3 (base 12) in base 7?
3
Convert 3d (base 14) to base 16.
37
What is -10 (base 7) in base 3?
-21
What is -4 (base 6) in base 14?
-4
Convert 110011 (base 2) to base 4.
303
-1111 (base 6) to base 4
-10003
What is -1 (base 15) in base 12?
-1
Convert 0 (base 15) to base 6.
0
Convert -6c (base 14) to base 12.
-80
32 (base 5) to base 10
17
What is 221 (base 3) in base 9?
27
10 (base 10) to base 11
a
Convert 20 (base 9) to base 6.
30
-52 (base 9) to base 10
-47
1033 (base 6) to base 15
10c
Convert -2 (base 14) to base 15.
-2
Convert a0 (base 11) to base 10.
110
203 (base 4) to base 15
25
-58 (base 13) to base 14
-53
What is -1 (base 13) in base 6?
-1
What is -12 (base 5) in base 2?
-111
-4 (base 10) to base 16
-4
-1e (base 15) to base 12
-25
Convert 34 (base 8) to base 13.
22
What is -3 (base 6) in base 15?
-3
What is -4 (base 8) in base 9?
-4
122 (base 8) to base 11
75
What is -201 (base 8) in base 6?
-333
What is -1 (base 8) in base 4?
-1
What is 110 (base 5) in base 12?
26
What is -1 (base 16) in base 5?
-1
Convert 4 (base 11) to base 12.
4
What is -10 (base 4) in base 2?
-100
Convert 160 (base 8) to base 16.
70
Convert 1 (base 12) to base 7.
1
What is a (base 14) in base 5?
20
-100001 (base 2) to base 14
-25
0 (base 16) to base 11
0
What is 1310 (base 4) in base 10?
116
-3a (base 15) to base 16
-37
3 (base 13) to base 14
3
1 (base 10) to base 7
1
-188 (base 9) to base 11
-137
-6 (base 10) to base 5
-11
Convert 5 (base 14) to base 16.
5
0 (base 8) to base 13
0
10 (base 5) to base 4
11
What is 1 (base 9) in base 13?
1
Convert a (base 11) to base 5.
20
What is 3 (base 11) in base 9?
3
What is -68 (base 12) in base 11?
-73
-1 (base 15) to base 8
-1
What is 7 (base 13) in base 5?
12
What is 1 (base 2) in base 12?
1
What is -8 (base 16) in base 4?
-20
Convert 2020 (base 5) to base 9.
318
What is 10 (base 4) in base 12?
4
What is -3 (base 11) in base 3?
-10
Convert -19 (base 10) to base 9.
-21
What is -21 (base 4) in base 15?
-9
100 (base 4) to base 15
11
f (base 16) to base 8
17
21 (base 12) to base 14
1b
Convert 101 (base 10) to base 2.
1100101
Convert 133 (base 4) to base 9.
34
5 (base 10) to base 12
5
Convert -114 (base 5) to base 9.
-37
-130 (base 7) to base 13
-55
29 (base 16) to base 3
1112
Convert -101 (base 2) to base 8.
-5
Convert 1 (base 3) to base 2.
1
Convert -10 (base 5) to base 10.
-5
1e (base 16) to base 6
50
10100 (base 2) to base 8
24
3 (base 16) to base 2
11
What is 135 (base 12) in base 16?
b9
What is 21 (base 5) in base 16?